e w(3). Suppose -5*p - 2*h = -43 - 1, t*h = -p + 14. What is the units digit of p?
8
What is the tens digit of (-10834)/(-8) + 11/(-44)?
5
Suppose 5*j - 5 = -20. Let v(c) = -4*c - 12. Let z be v(3). Let l = j - z. What is the units digit of l?
1
Suppose -4*j + 4 = -2*k, 4 = -2*k - 3*j - 7. Let s = k + 7. Suppose 5*r - g = 16, 2*g = -s*r - 2*g + 28. What is the units digit of r?
4
Let z = -91 - -124. Let o = 4 + z. What is the units digit of o?
7
Let c(m) be the second derivative of -m**4/12 - m**3 - m**2/2 + 4*m. Let u be c(-4). Suppose -i + 0*i - u = -3*h, 2*h + 2*i = -6. What is the units digit of h?
1
Let c = 1706 + -879. What is the units digit of c?
7
Suppose 5*u + 139 = r - 266, 2*r - 834 = 2*u. What is the tens digit of r?
2
Suppose 16*q - 18*q = -3516. What is the units digit of q?
8
Suppose -8*t + 15*t + 56 = 0. Let b = 30 - t. What is the units digit of b?
8
Suppose 4*p + 1 = -5*c - 0*c, 2*c + 6 = 4*p. What is the tens digit of (-51)/(-1 - p/(-2) - 0)?
0
Let z be (-20)/(-9) - 10/45. Suppose 0*i = 5*i + d - 5, -z*i + d = -2. What is the units digit of i?
1
Suppose -35 = -4*m - 147. Suppose 0*q + 4*q - 141 = 5*x, -5*q = 5*x - 210. Let j = q + m. What is the tens digit of j?
1
Suppose -16 = 4*f, -m + f - 8 = -4*m. Let k(n) = 29*n - 11. What is the hundreds digit of k(m)?
1
Let i(b) = 3*b**3 - b**2 - 8*b + 6. Suppose 6 = 2*z - 0. What is the tens digit of i(z)?
5
Suppose 0 = -2*q - 0*q - 8. Let n(y) = -5 - y + 8 - 8 + y**2. What is the tens digit of n(q)?
1
What is the units digit of 18/(-15)*(-1980)/72?
3
Suppose c + 3*j - 7 = 0, 0 = -3*j - 2*j. Let i(a) = -a**3 + 14*a**2 - 7*a**2 - 2*a + 4*a - 7. What is the units digit of i(c)?
7
Suppose 0 = -i + 118 - 3. Let h = -53 + i. Let a = -18 + h. What is the units digit of a?
4
Let f be 3192/231 + (-4)/(-22). What is the tens digit of (-381)/(-2) + 21/f?
9
Suppose 30 = -4*c - 118. Let p = -13 - c. Let w = -5 + p. What is the tens digit of w?
1
Suppose s = -0*s + 1347. What is the hundreds digit of s?
3
Suppose 2*g = 8, 0*d + 4*d + 2*g = 116. Suppose -3*h = -5*a + 13, -3*a = h + 2*h - d. What is the tens digit of h/(-18) + 380/9?
4
Suppose u - 498 = 4*l - 7*l, 5*u = 2*l - 349. What is the hundreds digit of l?
1
Suppose 0 = -9*p - 0*p + 1116. Let b = 235 - p. What is the hundreds digit of b?
1
Suppose -4*k + 2*p + 28 = 0, -2*p = 3*k + 2 - 23. Suppose 10*n - 147 = k*n. What is the tens digit of n?
4
Let w(v) = 8. Let l(h) = h - 6. Let s(a) = -8*l(a) - 6*w(a). Let d = -24 + 22. What is the units digit of s(d)?
6
Let p(h) = h**3 + 12*h**2 + 8*h - 19. Let i be p(-11). Let o = i - -6. What is the units digit of o?
0
What is the tens digit of -590*(-4)/2 - 4/2?
7
Suppose 4*v = 2*n + v - 75, 0 = -v - 1. Let b = 57 - n. What is the units digit of b?
1
Let q(j) = -j**2 + 7. Let a be q(-4). Let d(y) = y**2 + 9*y + 15. What is the tens digit of d(a)?
1
Let v(h) = 29*h**3 - 8*h**2 + 5*h + 12. What is the thousands digit of v(4)?
1
Suppose -k - 4*h + 7*h = -671, -4*k = 4*h - 2620. What is the hundreds digit of k?
6
What is the hundreds digit of (-1)/(24/14576)*3/(-2)?
9
Let x be (-9562)/(-98) - (-6)/14. Let j = 2 + x. What is the tens digit of j?
0
Let a = -20 + 12. Suppose 3*v + 136 = -5*l, 19 = -l - 5*v - 17. Let g = a - l. What is the units digit of g?
8
Let y = 202 - 93. Let v = y - 79. What is the units digit of v?
0
Suppose 4*h = 3*l - 1283, -4*l + 154 = 2*h - 1564. What is the hundreds digit of l?
4
Suppose 0 = 3*z + 3*z - 24. Let u(s) = 2 - 2*s + 13*s**2 + 3 - z. What is the tens digit of u(2)?
4
Let b be 2/3*12 - 4. Suppose -b*w - h = -2*h - 409, w - 5*h = 126. What is the units digit of w?
1
Let s = 158 - -28. Let f = -101 + s. Suppose -h = -2*h - 5*a + f, 0 = 3*h - a - 175. What is the tens digit of h?
6
Let b = 7213 + -4033. What is the thousands digit of b?
3
Let u(x) = 4 + 0*x - x + 2*x + x. Let m be u(-7). What is the units digit of 4/1*(-75)/m?
0
Suppose 8*w - 4*w = 2*u - 294, -4*u - 5*w + 536 = 0. What is the hundreds digit of u?
1
Let y = -592 - -1338. What is the hundreds digit of y?
7
Let u be 3/(3/53) + 1. Let n(m) = 5*m**2 - 9*m + 31. Let b be n(4). Let q = b - u. What is the units digit of q?
1
Let c = -36 - -81. Suppose 7*t = 2*t + 3*a + 63, 5*t - 95 = -5*a. Suppose t + c = 3*i. What is the tens digit of i?
2
Let q = 33 - 26. Suppose 2*l = -v + 10, 12 = -4*v - 2*l + q*l. Suppose -v*r + 6*r - 92 = 0. What is the tens digit of r?
2
Let t = 0 + 2. Suppose -t*x + 73 + 77 = 0. Suppose -w = 4*w - x. What is the tens digit of w?
1
What is the tens digit of 100/(-75) - (-3 - 1018/3)?
4
Suppose 30*t + 26 - 746 = 0. Let g = 2 - 6. What is the tens digit of (-30)/g*t/10?
1
Let g(z) = z + 14. Let t be g(-6). Suppose t*b - 560 = b. What is the tens digit of b?
8
Let n be (0 - 0)/((0 + 6)/6). What is the units digit of 2 + 156 - n/(-4)?
8
Let a be 0 + (1 - 5) + 4. What is the tens digit of 1 - a - (-124 - -6)*1?
1
Let h = 3091 - 2024. Suppose 4*w + r = -0*r + h, -809 = -3*w + r. What is the units digit of w?
8
Let o = 1707 + -1432. What is the hundreds digit of o?
2
Let m = -291 - -346. Suppose 0 = 3*o - 4*x - 50 - 52, -2*o + 3*x + 69 = 0. Let v = m - o. What is the tens digit of v?
2
Let d(v) = -2*v**2 - 2*v + 33. Let k = 20 - 20. What is the units digit of d(k)?
3
Suppose 3*q + q = 2*s - 122, -2*q + 191 = 3*s. Let m = s - 13. What is the units digit of m?
0
Suppose -9 = -j + 3. Suppose -j = s + 37. Let d = -10 - s. What is the tens digit of d?
3
Suppose t + 5*m = 162, 2*t - 291 = -0*m + m. Suppose 7*z - 238 = t. What is the units digit of z + -1 + 0 + 3?
7
Let s = 4732 - 2356. What is the thousands digit of s?
2
Let g = -10 + 1. Let q be 2/9 + 479/g. Let m = q - -74. What is the tens digit of m?
2
Let p be ((-44)/3)/(1/(-3)). Let o be (-3 + 5)/(2/p). Suppose l = -3*l - 2*z + o, 0 = -5*z - 10. What is the units digit of l?
2
Suppose -17933 + 1695 = -23*k. What is the hundreds digit of k?
7
Let a(r) = 9*r - 29. Let f be 9 + (-3 - (-24)/4). What is the units digit of a(f)?
9
Suppose -2*t + 28 = 14. Suppose -t*g + 5*g = -102. What is the units digit of g?
1
Let t(x) be the first derivative of -x**3/3 - 17*x**2/2 - 20*x + 19. Let l = 5 + -19. What is the units digit of t(l)?
2
What is the units digit of (7 - 9)/2*-1701?
1
Suppose 5*s + 344 = 1334. What is the hundreds digit of s?
1
Let z = 44 + 355. Let k = z - 205. What is the hundreds digit of k?
1
Let a = -12 + 20. Let h(k) = k - 5. Let j be h(a). Suppose -4*o - j*c = o - 15, 3*o - 28 = 2*c. What is the units digit of o?
6
Suppose 0*d - 2*d + 706 = 0. What is the units digit of d?
3
Suppose -5*h + 6530 = 5*m - 5895, 4*h = -3*m + 7457. What is the units digit of m?
3
Suppose 4*k = 2*j - 1331 - 95, 3*j - k - 2129 = 0. What is the hundreds digit of j?
7
Let b be 4 - (14/2 - 3). Suppose 5*r = 3*d - 40 - 8, 2*d - 5*r - 37 = b. What is the tens digit of (d - 11) + 10*1?
1
Suppose -f + 35 = 5*g, 2*f + 23 = g - f. Let j(o) = o**3 - 8*o**2 + o - 6. Let c be j(g). What is the units digit of ((-2)/c - 6)/(-1)?
7
Suppose -5*o + 17460 = -5*f, -3*o + 22*f + 10474 = 17*f. What is the thousands digit of o?
3
Suppose -3*l - 3*s + 45 = 0, 2*l - 4*s - 2 = 4. Suppose 5*y - l*y = -864. What is the units digit of y?
4
Let v = -6672 - -9649. What is the units digit of v?
7
Suppose 0*r + r - 4 = 0. Suppose -r*w + 10 = -6. Suppose w*q - 82 = 30. What is the tens digit of q?
2
Suppose -5*l + l = -2*i + 7376, 0 = -i - 2*l + 3676. What is the hundreds digit of i?
6
Let g = 1522 + -852. What is the hundreds digit of g?
6
Suppose 6*u - u + 88 = -2*n, 141 = -3*n - 3*u. Let w be (-161)/n + (-2)/7. Suppose -2*d - w*d = 5*o - 110, -2*o + 5*d + 30 = 0. What is the tens digit of o?
2
Suppose 13*i = 15*i + 5*n - 6103, -2*i = 4*n - 6098. What is the hundreds digit of i?
0
What is the units digit of 2/((-22)/(-1771)) - 0?
1
Suppose -6*w = -15*w + 4680. What is the units digit of w?
0
Suppose -5*f + 43 - 18 = 0. What is the units digit of f?
5
Suppose 0 = 2*x + 3 - 11. Suppose -2 - 1 = -5*n + x*b, -3*n + 3*b + 3 = 0. What is the units digit of 16/24 - n/3?
1
Let p(w) = w**3 + 11*w**2 - 5*w + 10. Let s be p(-12). Let b = s + 175. What is the units digit of b?
1
Suppose 2*h = -3*h - 2*r + 17980, 4*h = r + 14397. What is the thousands digit of h?
3
Suppose 4*a + 0*a = 0. Let z(y) = 5*